s digit of 626?
2
What is the thousands digit of 7707?
7
What is the units digit of 2221?
1
What is the tens digit of 11128?
2
What is the hundreds digit of 410?
4
What is the tens digit of 6919?
1
What is the units digit of 77214?
4
What is the thousands digit of 12551?
2
What is the hundreds digit of 142885?
8
What is the hundreds digit of 95783?
7
What is the thousands digit of 3305?
3
What is the hundreds digit of 54755?
7
What is the tens digit of 545?
4
What is the thousands digit of 12103?
2
What is the hundreds digit of 571?
5
What is the hundreds digit of 1091?
0
What is the tens digit of 4361?
6
What is the tens digit of 791?
9
What is the hundreds digit of 59107?
1
What is the ten thousands digit of 20330?
2
What is the thousands digit of 1865?
1
What is the units digit of 5708?
8
What is the units digit of 6443?
3
What is the hundreds digit of 756?
7
What is the units digit of 56741?
1
What is the units digit of 1368?
8
What is the hundreds digit of 7402?
4
What is the thousands digit of 5750?
5
What is the tens digit of 1735?
3
What is the ten thousands digit of 10887?
1
What is the hundreds digit of 8615?
6
What is the ten thousands digit of 10954?
1
What is the tens digit of 1306?
0
What is the units digit of 6524?
4
What is the hundred thousands digit of 101772?
1
What is the tens digit of 339?
3
What is the units digit of 184781?
1
What is the units digit of 397?
7
What is the thousands digit of 1242?
1
What is the ten thousands digit of 164715?
6
What is the hundreds digit of 11933?
9
What is the units digit of 14966?
6
What is the units digit of 2336?
6
What is the ten thousands digit of 30661?
3
What is the hundreds digit of 11098?
0
What is the hundreds digit of 1992?
9
What is the units digit of 20614?
4
What is the tens digit of 56326?
2
What is the hundreds digit of 2885?
8
What is the hundreds digit of 723?
7
What is the thousands digit of 21300?
1
What is the units digit of 2015?
5
What is the hundreds digit of 6816?
8
What is the hundreds digit of 90825?
8
What is the thousands digit of 1367?
1
What is the thousands digit of 2139?
2
What is the thousands digit of 2583?
2
What is the units digit of 574?
4
What is the units digit of 45374?
4
What is the ten thousands digit of 92641?
9
What is the hundreds digit of 514?
5
What is the units digit of 1655?
5
What is the units digit of 1991?
1
What is the hundreds digit of 904?
9
What is the hundreds digit of 8887?
8
What is the thousands digit of 6884?
6
What is the tens digit of 1774?
7
What is the hundreds digit of 2959?
9
What is the tens digit of 5905?
0
What is the units digit of 344?
4
What is the tens digit of 26527?
2
What is the thousands digit of 1676?
1
What is the hundreds digit of 3463?
4
What is the tens digit of 1282?
8
What is the units digit of 99608?
8
What is the units digit of 744?
4
What is the ten thousands digit of 21283?
2
What is the units digit of 8759?
9
What is the tens digit of 3426?
2
What is the units digit of 3431?
1
What is the tens digit of 1824?
2
What is the tens digit of 47839?
3
What is the tens digit of 11155?
5
What is the units digit of 2098?
8
What is the thousands digit of 89235?
9
What is the units digit of 12493?
3
What is the units digit of 6803?
3
What is the units digit of 925?
5
What is the units digit of 13712?
2
What is the tens digit of 23655?
5
What is the thousands digit of 163107?
3
What is the tens digit of 25948?
4
What is the tens digit of 14328?
2
What is the tens digit of 9862?
6
What is the units digit of 93112?
2
What is the tens digit of 4594?
9
What is the units digit of 19800?
0
What is the units digit of 42906?
6
What is the thousands digit of 3452?
3
What is the hundreds digit of 2071?
0
What is the thousands digit of 7786?
7
What is the units digit of 30755?
5
What is the units digit of 39022?
2
What is the units digit of 4115?
5
What is the tens digit of 943?
4
What is the hundreds digit of 8458?
4
What is the hundreds digit of 160088?
0
What is the units digit of 4330?
0
What is the hundred thousands digit of 182296?
1
What is the hundreds digit of 24372?
3
What is the thousands digit of 4444?
4
What is the ten thousands digit of 77236?
7
What is the units digit of 1949?
9
What is the units digit of 1945?
5
What is the units digit of 1249?
9
What is the tens digit of 19501?
0
What is the tens digit of 25716?
1
What is the thousands digit of 5299?
5
What is the ten thousands digit of 25360?
2
What is the hundreds digit of 152112?
1
What is the thousands digit of 6593?
6
What is the tens digit of 125036?
3
What is the units digit of 538?
8
What is the units digit of 1576?
6
What is the thousands digit of 75387?
5
What is the thousands digit of 2903?
2
What is the ten thousands digit of 63442?
6
What is the units digit of 20245?
5
What is the tens digit of 26901?
0
What is the hundreds digit of 750?
7
What is the units digit of 2470?
0
What is the units digit of 3?
3
What is the hundreds digit of 1140?
1
What is the hundreds digit of 417?
4
What is the hundreds digit of 61276?
2
What is the units digit of 3306?
6
What is the tens digit of 647?
4
What is the hundreds digit of 2683?
6
What is the tens digit of 59194?
9
What is the hundreds digit of 1941?
9
What is the tens digit of 1024?
2
What is the ten thousands digit of 27613?
2
What is the units digit of 14615?
5
What is the hundreds digit of 52718?
7
What is the thousands digit of 1838?
1
What is the hundreds digit of 42845?
8
What is the tens digit of 24544?
4
What is the tens digit of 868?
6
What is the thousands digit of 1327?
1
What is the units digit of 821?
1
What is the tens digit of 10664?
6
What is the units digit of 33919?
9
What is the units digit of 24737?
7
What is the tens digit of 4561?
6
What is the hundreds digit of 9226?
2
What is the hundreds digit of 32567?
5
What is the tens digit of 11827?
2
What is the tens digit of 584?
8
What is the units digit of 5433?
3
What is the thousands digit of 6023?
6
What is the hundreds digit of 122565?
5
What is the tens digit of 10583?
8
What is the hundreds digit of 79677?
6
What is the hundreds digit of 4412?
4
What is the thousands digit of 1737?
1
What is the thousands digit of 2258?
2
What is the hundreds digit of 881?
8
What is the units digit of 2331?
1
What is the thousands digit of 187131?
7
What is the ten thousands digit of 44757?
4
What is the units digit of 1460?
0
What is the thousands digit of 3587?
3
What is the units digit of 1071?
1
What is the thousands digit of 8254?
8
What is the hundreds digit of 19251?
2
What is the thousands digit of 52073?
2
What is the units digit of 2024?
4
What is the tens digit of 3465?
6
What is the hundreds digit of 11047?
0
What is the hundreds digit of 6278?
2
What is the units digit of 11?
1
What is the thousands digit of 33019?
3
What is the tens digit of 6627?
2
What is the hundreds digit of 12586?
5
What is the tens digit of 739?
3
What is the tens digit of 5557?
5
What is the hundreds digit of 48723?
7
What is the thousands digit of 1791?
1
What is the ten thousands digit of 30197?
3
What is the units digit of 11693?
3
What is the units digit of 3112?
2
What is the tens digit of 5876?
7
What is the thousands digit of 19163?
9
What is the hundreds digit of 826?
8
What is the tens digit of 19268?
6
What is the tens digit of 5004?
0
What is the units digit of 23771?
1
What is the hundred thousands digit of 104343?
1
What is the tens digit of 802?
0
What is the hundreds digit of 4766?
7
What is the ten thousands digit of 10707?
1
What is the units digit of 6?
6
What is the hundreds digit of 536?
5
What is the tens digit of 63118?
1
What is the tens digit of 994?
9
What is the units digit of 2943?
3
What is the tens digit of 1663?
6
What is the hundreds digit of 1177?
1
What is the hundreds digit of 115133?
1
What is the tens digit of 81?
8
What is the units digit of 12390?
0
What is the hundreds digit of 2958?
9
What is the thousands digit of 2242?
2
What is the units digit of 5344?
4
What is the tens digit of 442?
4
What is the thousands digit of 1255?
1
What is the thousands digit of 45804?
5
What is the ten thousands digit of 11445?
1
What is the units digit of 18023?
3
What is the thousands digit of 6356?
6
What is the thousands digit of 2